-6).
-74
Let d(o) = -19*o**2 + 229*o - 182. What is d(11)?
38
Let c(j) = 65*j - 7215. Calculate c(111).
0
Let g(b) = -60*b - 921. What is g(-23)?
459
Let c(p) = p**3 + 4*p**2 - 73*p + 41. Determine c(-11).
-3
Let v(r) = 24*r**3 + 362*r**2 + 30*r + 6. What is v(-15)?
6
Let u(b) = 22*b**2 + 19*b - 7. Calculate u(-1).
-4
Let u(c) = -75*c - 12. Calculate u(0).
-12
Let q(c) = c**3 - 10*c**2 + 6*c + 40. Give q(9).
13
Let y(n) = -n**2 - 98*n - 1984. Calculate y(-31).
93
Let k(o) = 7*o - 98. Calculate k(9).
-35
Let q(n) = n**2 + n + 6. Calculate q(3).
18
Let g(s) = -4*s**3 + 3*s**2 - 32*s + 149. Calculate g(5).
-436
Let w(z) = -z**3 + 29*z**2 - 30*z - 3. What is w(28)?
-59
Let c(k) = k**3 + 10*k**2 - 21*k - 233. Give c(-8).
63
Let s(p) = -19*p - 34. Determine s(-9).
137
Let s(m) = -m**2 - 153*m + 1354. Determine s(8).
66
Let o(r) = -6*r**3 - 2*r**2 - 14*r - 28. What is o(-2)?
40
Let s(z) = z**3 + 90*z**2 + 173*z + 112. Give s(-88).
376
Let k(l) = -18*l - 112. Calculate k(-6).
-4
Let h(r) = -r**3 + 8*r**2 - 19*r + 25. Determine h(7).
-59
Let k(f) = 38*f**2 + 115*f + 76. Calculate k(-2).
-2
Let m(r) = 16*r**2 + 80*r - 24. Calculate m(-4).
-88
Let w(u) = -58*u + 1216. What is w(21)?
-2
Let f(w) = -w**2 + 20*w + 83. Give f(26).
-73
Let d(j) = j**3 - 33*j**2 - 77*j + 219. Determine d(35).
-26
Let v(k) = -k**3 - 22*k**2 + 12*k - 248. Give v(-23).
5
Let g(w) = -2*w**3 - w**2 - 300*w - 1. Determine g(0).
-1
Let t(n) = 2*n**2 - 163*n - 778. What is t(-5)?
87
Let n(m) = 119*m + 477. Determine n(-4).
1
Let i(o) = -5*o**3 + 29*o**2 + 22*o + 2. Determine i(7).
-138
Let a(u) = -124*u**2 + 61380*u - 4. Calculate a(495).
-4
Let n(l) = 2*l**2 + 58*l + 132. Give n(-26).
-24
Let s(v) = -1300*v + 40294. Give s(31).
-6
Let l(w) = -2*w**3 - 6*w + 10. Determine l(4).
-142
Let m(y) = -y**3 - 58*y**2 + 46*y - 934. Determine m(-59).
-167
Let i(s) = s**3 + 99*s**2 + 289*s + 99. Calculate i(-96).
3
Let l(r) = -2*r**3 + 56*r**2 + 623*r + 927. Give l(-7).
-4
Let v(y) = y**2 - 57*y + 32. Give v(57).
32
Let d(h) = 2*h**2 + 24*h - 21. Determine d(-11).
-43
Let j(d) = -4*d**3 - 28*d**2 + 13*d + 31. Calculate j(-6).
-191
Let g(s) = 7*s**2 + 115*s - 12. Determine g(-3).
-294
Let l(z) = -z**3 - 6*z**2 + 30*z - 13. Determine l(3).
-4
Let c(o) = -4*o**2 + 183*o + 235. Determine c(47).
0
Let r(k) = 9*k**2 - 53*k - 367. Calculate r(-5).
123
Let d(g) = g**3 + 20*g**2 + 122*g - 5. What is d(-8)?
-213
Let a(z) = z**3 + 9*z**2 + 23*z + 57. Calculate a(-6).
27
Let l(g) = 18*g**2 - 208*g - 4. Calculate l(10).
-284
Let c(y) = y - 23. Calculate c(20).
-3
Let u(t) = -1300*t - 11698. What is u(-9)?
2
Let t(k) = -k**3 + 33*k**2 + 21*k - 1095. Determine t(33).
-402
Let f(z) = -35*z - 940. Determine f(-27).
5
Let i(u) = -169*u - 58. Calculate i(0).
-58
Let x(f) = 45*f + 1. Determine x(0).
1
Let p(j) = j**3 + 3*j**2 - 416*j - 35. What is p(19)?
3
Let w(j) = 2*j**3 - j**2 - 34*j + 17. What is w(4)?
-7
Let m(x) = x**3 - 8*x**2 - 13*x + 124. Calculate m(7).
-16
Let m(t) = -30*t - 291. Calculate m(11).
-621
Let b(a) = -8*a - 165. Give b(-10).
-85
Let w(r) = 283*r + 10747. Calculate w(-38).
-7
Let w(s) = s**3 - 5*s**2 - 8*s - 17. Determine w(4).
-65
Let b(l) = -l - 267. Determine b(21).
-288
Let y(v) = 240*v**3 - 8*v - 8. Determine y(-1).
-240
Let t(f) = 3*f**2 + 643*f + 20101. Calculate t(-38).
-1
Let h(z) = z**3 - 31*z**2 - 81*z - 62. Determine h(33).
-557
Let u(s) = -4*s**2 - 86*s - 74. Calculate u(-22).
-118
Let x(v) = -v**3 + 20*v**2 - 105*v + 69. Determine x(13).
-113
Let o(z) = -3*z**2 - 51*z - 4. Give o(-16).
44
Let t(a) = 23*a + 2274. Determine t(-97).
43
Let v(b) = -8*b**3 - 8*b**2 - 24*b - 45. Give v(-2).
35
Let z(c) = 197*c + 14376. Calculate z(-73).
-5
Let t(w) = -16*w**2 - 6*w + 19. Calculate t(-4).
-213
Let q(n) = 24*n - 858. Calculate q(30).
-138
Let c(h) = 122*h - 3558. Determine c(29).
-20
Let k(m) = -m**3 + 244*m**2 + 4163*m + 48. Calculate k(-16).
0
Let a(d) = d**2 - 54*d + 717. Give a(26).
-11
Let j(m) = 17*m**3 - 222*m**2 + 15*m - 31. What is j(13)?
-5
Let n(x) = -15*x - 797. Calculate n(-54).
13
Let h(g) = g**3 + 12*g**2 + 5*g - 70. Calculate h(-8).
146
Let q(w) = 2*w**3 - 93*w**2 + 454*w - 115. Determine q(41).
8
Let p(d) = d**2 + 72*d - 203918. Give p(-489).
-5
Let a(j) = 183*j**2 - 1090*j - 56. Determine a(6).
-8
Let b(h) = h**3 - 60*h**2 + 181*h + 16. Calculate b(3).
46
Let s(q) = -q**2 - 33*q - 231. What is s(-8)?
-31
Let y(u) = u**3 + 4*u**2 - 13*u - 8. Calculate y(-10).
-478
Let y(o) = -o**2 - 69*o - 75. Give y(-68).
-7
Let p(y) = -7*y**2 - 4*y - 3. What is p(-4)?
-99
Let z(x) = -9*x - 47. What is z(-10)?
43
Let p(z) = -5*z**3 - 25*z**2 + 18*z + 102. Calculate p(-5).
12
Let a(i) = -i**3 - 15*i**2 - 8*i - 1. Calculate a(-5).
-211
Let u(o) = 2*o**3 + 26*o**2 + 25*o - 58. What is u(-11)?
151
Let k(t) = 37*t**3 - 960*t**2 - 1054*t + 22. Calculate k(27).
-5
Let u(c) = 210*c + 3141. Give u(-15).
-9
Let d(m) = -63*m + 2742. Calculate d(45).
-93
Let l(z) = -z**3 + 29*z**2 + 31*z - 7. What is l(30)?
23
Let a(l) = l**2 + 18*l - 519. Determine a(15).
-24
Let u(v) = -2*v**2 - 20*v - 57. What is u(-7)?
-15
Let j(z) = 152*z - 148. Determine j(7).
916
Let v(x) = 374*x + 3747. What is v(-10)?
7
Let l(i) = 8*i**2 - 24*i - 313. Calculate l(-9).
551
Let v(g) = g**3 - 4*g**2 + 14*g - 61. Determine v(4).
-5
Let m(j) = j**2 + 20*j + 27. Calculate m(-5).
-48
Let n(o) = 2*o**3 - 46*o**2 + 5*o - 103. Calculate n(23).
12
Let w(r) = -35*r + 258. Calculate w(7).
13
Let s(q) = -25*q + 843. Give s(34).
-7
Let d(o) = -2*o**3 + 9*o**2 + 6*o - 42. What is d(5)?
-37
Let l(s) = 2*s**2 - 4023*s - 12081. What is l(-3)?
6
Let y(d) = d**2 - 54*d - 7. What is y(65)?
708
Let p(n) = 372*n + 4484. Give p(-12).
20
Let k(v) = 282*v + 1715. Calculate k(-6).
23
Let a(t) = t**2 + 227*t + 1086. What is a(-5)?
-24
Let z(k) = -677*k**2 + 428*k - 427. Determine z(1).
-676
Let q(f) = f**3 + 5*f**2 + 15*f + 29. Determine q(-5).
-46
Let d(k) = -k**3 + 65*k**2 - 631*k - 49. Give d(12).
11
Let z(t) = t**2 - 11*t - 15. What is z(5)?
-45
Let r(d) = 247*d + 777. Determine r(-4).
-211
Let z(x) = -424*x - 1666. Give z(-4).
30
Let d(b) = -b**3 + 94*b**2 - 93*b - 145. Determine d(93).
-145
Let i(h) = 186*h - 2597. What is i(14)?
7
Let m(l) = -102*l**2 - 349*l - 116. What is m(-3)?
13
Let a(l) = l**3 - 46*l**2 + 507*l + 392. What is a(21)?
14
Let v(k) = -k**2 + 10*k - 75. What is v(8)?
-59
Let d(x) = 8762*x + 8756. What is d(-1)?
-6
Let j(q) = -q**2 + 2724*q + 16379. Give j(-6).
-1
Let v(u) = -160*u + 8306. Determine v(52).
-14
Let d(g) = 4*g**3 + 75*g**2 - 101*g - 4. Give d(-20).
16
Let s(m) = -6*m - 146. Give s(9).
-200
Let l(t) = 3*t**2 + 38*t + 67. Determine l(-16).
227
Let r(t) = t**3 - 30*t**2 + 61*t - 166. Give r(28).
-26
Let b(d) = d**3 - 3*d**2 - 4*d + 1. Give b(4).
1
Let x(w) = -31*w**2 - 211*w + 23. Determine x(-7).
-19
Let i(h) = -12*h - 327. Calculate i(-16).
-135
Let f(t) = 37*t - 598. What is f(17)?
31
Let p(x) = -x**2 - 9*x - 46. Calculate p(-11).
-68
Let y(x) = 2445*x + 4787. Calculate y(-2).
-103
Let y(s) = -274*s**2 - 45209*s + 154. Give y(-165).
-11
Let q(p) = -76*p**2 + 681*p + 24. Determine q(9).
-3
Let i(n) = -n**3 - 15*n**2 - 28*n - 12. What is i(-3)?
-36
Let w(i) = -311*i + 3684. Calculate w(12).
-48
Let g(y) = -4*y**3 + 8*y**2 - 4*y - 10. Give g(6).
-610
Let r(f) = -2*f**2 - 236*f - 5724. Give r(-33).
-114
Let s(k) = -7*k - 270. Give s(-41).
17
Let h(s) = -26*s + 2390. Calculate h(92).
-2
Let x(z) = 6*z**2 + 76*z - 393. Calculate x(4).
7
Let j(t) = 97*t**2 + 11*t + 6. What is j(-1)?
92
Let b(t) = 492*t**3 - t**2 - 8*t - 10. What is b(-1)?
-495
Let b(g) = 1071*g + 2409. What is b(-2)?
267
Let f(n) = -44*n**3 - 3*n**2 + 305*n + 306. Calculate f(-1).
42
Let v(d) = 1086*d + 8717. Give v(-8).
29
Let b(p) = -56*p - 132. What is b(-3)?
36
Let b(i) = -i**3 + 42*i**2 - 233*i - 436. Determine b(35).
-16
Let b(p) = -p**3 - 19*p**2 + 40*p - 47. What is b(-21)?
-5
Let g(d) = 5*d**2 - 192*d + 54. Give g(38).
-22
Let r(t) = t**3 + 19*t**2 + 14*t - 73. Determine r(-19).
-339
Let u(f) = 44*f**2 + 207*f - 3. Determine u(-5).
62
Let t(u) = -3*u - 44. Give t(26).
-122
Let t(c) = -40*c - 297. What is t(-13)?
223
Let g(s) = 1312*s + 13124. What is g(-10)?
4
Let i(v) = 12*v - 371. Give i(29).
-23
Let s(n) = 49*n - 318. Determine s(6).
-